 43
What are the prime factors of (13 + -24)/(2/(-6))?
3, 11
Suppose 0 = 2*i - l - 10, -i - 2 - 2 = -5*l. List the prime factors of i.
2, 3
Suppose 998 = 5*u + 188. Suppose -4*a + 6 + u = 0. What are the prime factors of a?
2, 3, 7
Suppose q + 2 = 0, 0 = 5*f - q - 0*q + 8. Let p be 0*(-2)/(-8)*f. Suppose 3*v = -3*j + j - 6, -4*j + 5*v + 32 = p. What are the prime factors of j?
3
Let o be (-4)/(-6) + 1605/9. What are the prime factors of 4/20 + o/5?
2, 3
Let x(d) = d**2 - 4*d - 8. Let i(l) = 4*l - 2. Let f be i(2). Let t be x(f). Suppose w = -3*u + 14, t*w + 2*u = 9 + 27. What are the prime factors of w?
2
Let g(i) = -i**2 - 12*i - 3. What are the prime factors of g(-7)?
2
Let h = -5 + 91. List the prime factors of h.
2, 43
Let s = 3 - 6. Let a(l) = -l**3 + l**2 - l + 7. Let v be a(0). Let o = s + v. What are the prime factors of o?
2
Suppose -h + 0*u + 5*u = -17, -3*u = 3*h - 33. List the prime factors of h.
2, 3
Suppose 5*d - 2*c = 2*d + 611, -d - 2*c = -201. List the prime factors of d.
7, 29
Suppose 3*d - 3*l - 32 = l, -2*d + 5*l = -19. What are the prime factors of (2/3)/(d/738)?
41
Suppose 0 = -3*x + 73 + 8. Suppose 0 = a + 1, -4*a = 3*n - 0*a - 2. Suppose -i - x = -3*f + n*i, 25 = -5*i. List the prime factors of f.
2
Suppose -q = -4*m + 18, 2*m - 14 = -2*m - q. Let l = -2 + m. Suppose -3*j = 2*h, 5*h - l*j - 32 = h. List the prime factors of h.
2, 3
Let x = -12 - -52. What are the prime factors of x?
2, 5
Suppose 0 = -3*x - j + 137, 5*x - j - 219 = 2*j. Let y = x + -32. List the prime factors of y.
13
Suppose 5*h - 5*o = 115, -2*h = 3*h - 3*o - 105. Let m = h - 3. List the prime factors of m.
3, 5
Suppose 5*n - 2*w - 46 = 135, -5*w - 85 = -2*n. List the prime factors of n.
5, 7
Suppose 51 = i - 5*w, -2*w + 4*w + 278 = 5*i. What are the prime factors of i?
2, 7
Let v = -62 - -143. List the prime factors of v.
3
Suppose 0*n = 4*n. Suppose n = 4*q + q - 25. Suppose -3*p = 3*a, -q*a - 2*p = -18 + 3. What are the prime factors of a?
5
What are the prime factors of 12/(-15)*2865/(-6)?
2, 191
Let z be (5/((-5)/62))/(-2). Suppose 2*x - z = -0*v + 3*v, 4*x - 49 = 5*v. Let t = v - -24. List the prime factors of t.
11
Suppose 0 = 2*g + 7 - 3. List the prime factors of (16/12)/(g/(-27)).
2, 3
Let h(g) = -g**3 + 12*g**2 - 13*g + 11. Let a be h(11). Let b = a - -24. List the prime factors of b.
13
List the prime factors of (-3)/((-6)/44*2).
11
Let f = -6 + 13. Let s(n) = -n + 4. Let z be s(f). What are the prime factors of (z/4)/((-1)/8)?
2, 3
What are the prime factors of (-10)/4*12/15 - -142?
2, 5, 7
Suppose 2*r = 7*r - 60. List the prime factors of r.
2, 3
Let k(d) = -3*d + 2. Let l be k(-2). Let n(s) = -s + 7. Let h be n(5). Suppose l + 0 = h*o. List the prime factors of o.
2
Suppose -5*i - 27 = 5*h - 2, -h + 13 = -2*i. Let o(j) = -j**2 - 8*j + 7. List the prime factors of o(i).
19
Let d(t) = -17*t**3 - t**2. Let k be d(1). Let a be 4/k + 38/9. Suppose -2*g = v + 2*g, -18 = -a*v + 2*g. List the prime factors of v.
2
Let g(t) = -t**3 - 4*t**2 + 4*t - 3. Suppose 0 = -4*r + 12 - 32. What are the prime factors of g(r)?
2
Let v(m) = -9*m**3 + m**2 - 4*m - 3. Let t(u) = -u**3 + u + 1. Let s(k) = 3*t(k) + v(k). Let w be s(1). Let d = w + 22. List the prime factors of d.
2, 5
Suppose 0 = -2*z - 150 - 50. Let s = -62 - z. What are the prime factors of s?
2, 19
Suppose -24*t = -19*t - 10. List the prime factors of t.
2
List the prime factors of 2/5 + (-6)/10*-321.
193
What are the prime factors of (-9)/(-15) + (-414)/(-10)?
2, 3, 7
Let t(y) = -56*y**3 - y**2 - y. What are the prime factors of t(-1)?
2, 7
What are the prime factors of (6/5)/((-40)/(-100))?
3
Let r(x) = -6*x + 0*x**2 + 4*x**2 - x**2. Let z be r(4). Suppose 0 = -4*w - 4 + z. What are the prime factors of w?
5
Let v be (0/(-1))/3 + 94. Let z be v/(0 + (-6)/(-3)). Suppose 4*p - 1 = b - 0*p, -4*b = p - z. List the prime factors of b.
11
Suppose 3*b + 30 - 3 = 5*r, r - b - 5 = 0. Let t be -5*(-1 - 7/(-5)). Let d = r + t. What are the prime factors of d?
2
Let k be (2 - 2)*1/2. Let z be (0 - k)*6/(-12). Suppose z = 2*h - 8 - 8. What are the prime factors of h?
2
Let j(o) = -3*o + 2. Let g(f) = f**3 + 7*f**2 - f - 4. Let i be g(-7). Let c be j(i). Let m = c - -18. List the prime factors of m.
11
Suppose 5*j = -0*j. Let u(z) = -8*z**2 + 3*z - 4 + z**3 + j - z. What are the prime factors of u(8)?
2, 3
Let w(l) = -l**2 + 11*l - 12. List the prime factors of w(7).
2
Let v(w) = 17*w + 23. List the prime factors of v(7).
2, 71
Suppose -47 - 73 = -2*s. Suppose 0 = -2*a + 7*a - s. Let l = 25 - a. What are the prime factors of l?
13
Suppose 56 = -0*n + 4*n. Suppose 3*l - 5*l = -n. What are the prime factors of l?
7
Let i = 62 - -4. Let w = -23 + i. What are the prime factors of w?
43
Let r = 34 + -14. What are the prime factors of r?
2, 5
List the prime factors of 1/(-2) - 156/(-8).
19
Suppose -2*n + 5 = -7*n. Let w(c) be the first derivative of -11*c**4/4 + 2*c**3/3 - c - 2. List the prime factors of w(n).
2, 3
Let m(n) = n**3 - 5*n**2 - n + 7. Let k be m(5). Suppose 11 + 11 = -k*l. Let p = l + 20. What are the prime factors of p?
3
Suppose 10*m + 244 = 14*m. List the prime factors of m.
61
Suppose 4*y + 3*a - 582 = -113, 0 = 2*y - 2*a - 252. What are the prime factors of y?
11
Let u be (3/(-15))/(2/(-10)). List the prime factors of (0 - (u + 2)) + 6.
3
Suppose p + 3*m = -0*p + 2, 3*p - 2*m = -5. What are the prime factors of 114/(-2)*p/3?
19
Let t(b) = -4*b**2 + 3*b**2 + 0*b**2 + 14 + 2*b**2. List the prime factors of t(6).
2, 5
Let r(l) = -5*l + 34. Let v(x) = 3*x - 23. Let z(o) = -5*r(o) - 8*v(o). What are the prime factors of z(13)?
3
Let r = -5 - -2. Let a(u) = -2*u**3 - 15*u**2 + 5*u - 13. Let o(l) = l**3 + 8*l**2 - 3*l + 7. Let y(q) = r*a(q) - 5*o(q). What are the prime factors of y(-5)?
2
Let n(s) = s**3 - 3*s**2 - 1. Let v be n(3). Let c(t) = t**2 + t + 3. Let b be c(-3). Let l = v + b. List the prime factors of l.
2
Suppose -5*s = -g - 100, 13 = 2*s + 7*g - 2*g. Suppose -4*d + 3*d + 5*l + s = 0, 5*l - 137 = -3*d. What are the prime factors of d?
3, 13
Let r(h) = -h**3 + 8*h**2 - 6*h - 2. Let x be r(7). Suppose 0 = 2*v + 4, 4*a - x*v - 76 = -18. What are the prime factors of a?
2, 3
Suppose -3*p = -3*w, -5*w = -2*p - 15 + 3. What are the prime factors of w?
2
Suppose 2*i = 2*y - 16, 4*i + 4*y - 11 = i. Let u be ((-12)/(-10))/(i/(-10)). Suppose -j = -u*x + 2*j + 68, -x = -j - 18. List the prime factors of x.
2, 7
Let y = 13 + -6. What are the prime factors of y?
7
List the prime factors of 14*(2 + 12/(-8)).
7
List the prime factors of 3/(-15) - 588/(-15).
3, 13
Let l(j) = j**2 + 8. List the prime factors of l(-4).
2, 3
Let d = 106 + -148. Let l = 8 - 32. Let v = l - d. What are the prime factors of v?
2, 3
Let d(t) = t**3 + 6*t**2 + 6*t + 5. Let u be d(-5). Let c be -1 + (-5 - (u - 0)). Let x = -3 - c. List the prime factors of x.
3
Suppose -336 = -2*a - 6*a. List the prime factors of a.
2, 3, 7
Suppose -2*x - 3*v = -4*v - 12, -2*x = v - 4. Suppose -84 = -x*q - 4*f, 2*q = -f + 50 - 3. What are the prime factors of q?
2, 13
Let h be -2*(14/4 - 2). Let w = h - -8. What are the prime factors of w?
5
Suppose -6*l + 656 = 182. What are the prime factors of l?
79
Let l(f) = f + 11. Let t be l(-8). Suppose 1 + 8 = s - m, 12 = t*m. List the prime factors of s.
13
List the prime factors of 267/6 - (-2)/(4/(-3)).
43
Suppose 0 = 3*z - 4*s - 13, 5*s = -3*z + 2 - 25. Let f(k) = 18*k + 1. Let m be f(z). What are the prime factors of (m/2)/((-3)/6)?
17
Suppose 3*q - 63 = 4*a - 187, -16 = -4*q. List the prime factors of a.
2, 17
Suppose -2*k + k = -44. What are the prime factors of k?
2, 11
Suppose q + 9 = -2*y, -2*q = y + 15 - 3. Let p(t) = -3*t - 6. What are the prime factors of p(q)?
3
Suppose 4*r = l + 1621, -5*l - 429 = r - 2*r. List the prime factors of r.
2, 101
Suppose 27 = 2*z + 5*q, 4*q - 75 = -5*z - q. Suppose 17 = 3*f - z. What are the prime factors of f?
11
Suppose 0 = -4*z + 11 + 5. Suppose -3*y = -2*g + 12, -3*g + 9*y = z*y - 19. What are the prime factors of 11 + (2 - g)*3?
2
Suppose -3*t - t - 116 = 0. Let d = t - -53. Let w = -12 + d. What are the prime factors of w?
2, 3
Let a(q) = -q**2 - q - 1. Let i(j) = j**3 + 9*j**2 + 4*j + 2. Let t be ((-2)/1)/(4/6). Let d(l) = t*a(l) - i(l). List the 